{"id":418,"date":"2025-11-03T15:09:24","date_gmt":"2025-11-03T14:09:24","guid":{"rendered":"https:\/\/mgv-tschwarzen.at\/?post_type=event_listing&#038;p=418"},"modified":"2025-11-03T15:23:38","modified_gmt":"2025-11-03T14:23:38","slug":"konzert-hirbst","status":"publish","type":"event_listing","link":"https:\/\/mgv-tschwarzen.at\/index.php\/veranstaltung\/konzert-hirbst\/","title":{"rendered":"Konzert &#8220;Hirbst&#8221;"},"content":{"rendered":"\n<p>Der MGV-Tschwarzen begr\u00fc\u00dft euch wieder recht herzlich zu seinem allj\u00e4hrlichem Herbstkonzert &#8220;Hirbst&#8221;. Das Konzert beginnt um 19:30, Einlass ab 18:30. <\/p>\n\n\n\n<p>Karten im Vorverkauf gibt es bei den Vereinsmitgliedern oder unter <a href=\"mailto:mgv-tschwarzen@gmail.com\">mgv-tschwarzen@gmail.com<\/a>.<br><br><br><\/p>\n\n\n\n<p><\/p>\n","protected":false},"featured_media":419,"template":"","meta":[],"event_listing_category":[],"event_listing_type":[],"class_list":["post-418","event_listing","type-event_listing","status-publish","has-post-thumbnail","hentry"],"_links":{"self":[{"href":"https:\/\/mgv-tschwarzen.at\/index.php\/wp-json\/wp\/v2\/event_listing\/418","targetHints":{"allow":["GET"]}}],"collection":[{"href":"https:\/\/mgv-tschwarzen.at\/index.php\/wp-json\/wp\/v2\/event_listing"}],"about":[{"href":"https:\/\/mgv-tschwarzen.at\/index.php\/wp-json\/wp\/v2\/types\/event_listing"}],"wp:featuredmedia":[{"embeddable":true,"href":"https:\/\/mgv-tschwarzen.at\/index.php\/wp-json\/wp\/v2\/media\/419"}],"wp:attachment":[{"href":"https:\/\/mgv-tschwarzen.at\/index.php\/wp-json\/wp\/v2\/media?parent=418"}],"wp:term":[{"taxonomy":"event_listing_category","embeddable":true,"href":"https:\/\/mgv-tschwarzen.at\/index.php\/wp-json\/wp\/v2\/event_listing_category?post=418"},{"taxonomy":"event_listing_type","embeddable":true,"href":"https:\/\/mgv-tschwarzen.at\/index.php\/wp-json\/wp\/v2\/event_listing_type?post=418"}],"curies":[{"name":"wp","href":"https:\/\/api.w.org\/{rel}","templated":true}]}}

<p>Der MGV-Tschwarzen begrüßt euch wieder recht herzlich zu seinem alljährlichem Herbstkonzert &#8220;Hirbst&#8221;. Das Konzert beginnt um 19:30, Einlass ab 18:30. </p>



<p>Karten im Vorverkauf gibt es bei den Vereinsmitgliedern oder unter <a href="mailto:mgv-tschwarzen@gmail.com">mgv-tschwarzen@gmail.com</a>.<br><br><br></p>



<p></p>
